8*j**3 - 16887*j**3 - 6*j**2 - 2 + 8480*j**3. Suppose 25 = 3*q + 7. Determine g(q).
-7
Let z(g) = 35*g**3 + 10*g**2 + 4*g + 6. Let u(i) = -31*i**3 - 10*i**2 - 5*i - 6. Let l(a) = -9*u(a) - 8*z(a). Calculate l(11).
28
Let d(u) = -11 + 1 + 1 + 5*u**2 - 25*u. Let j(k) = -k**2 + 6*k + 2. Let w(n) = -2*d(n) - 9*j(n). Determine w(-4).
0
Let n = -90 - -92. Let g(s) = n + 7*s + 9 - 6 - s**2. Let d(f) = -f**3 + 5*f**2 - 5*f + 2. Let y be d(3). Calculate g(y).
15
Let b(p) = p**2 - 27. Let d = -6902 - -6907. Give b(d).
-2
Let s(i) = 11*i - 79. Let f(m) = 93*m + 379. Let y be f(-4). Calculate s(y).
-2
Let c(d) = -7*d**2 - 7*d + 116. Let y(o) = -4*o**2 - 3*o + 65. Let r(s) = -3*c(s) + 5*y(s). Give r(-11).
32
Let p(q) = -75*q + 125*q - 53*q + 14 - 3 + 3. Give p(-3).
23
Suppose 0 = -90*z + 204 + 696. Let r(u) = 2 + 5*u**2 - 3*u**2 - u**2 - 10*u - 5. Calculate r(z).
-3
Let o(l) = l**3 - 6*l**2 - 8*l + 1. Let n be (16/(-28))/4 - 796/14. Let v = n + 61. Let p be v/10 - (-33)/5. Calculate o(p).
-6
Let c be (-12)/(8/((-8)/3)). Let v(l) = 5*l**3 - 2*l**3 + 17 - 2*l + 0*l**3 - c*l**3 + 8*l**2. What is v(8)?
1
Let l(i) = 11*i**3 - 9*i**2 + 15*i - 15. Let r = -251 + 246. Let c(u) = -2*u**3 - u + 1. Let y(k) = r*c(k) - l(k). Calculate y(8).
-6
Let q(h) = -24*h**2 - 333*h - 223. Let a(b) = 5*b**2 + 67*b + 42. Let k(w) = -11*a(w) - 2*q(w). What is k(-10)?
-6
Let c(m) = 1236 + 1233 - 7*m - 2458. Calculate c(5).
-24
Let l(a) = -3*a + 4 + 0 + 2. Suppose -394 - 29 = -141*v. What is l(v)?
-3
Suppose -4*o - 8 = 4*r, 0 = -12*o + 16*o + 5*r + 7. Let p(i) = -i**2 + 6*i + 4. Let d(w) = w**2 - 4*w - 3. Let l(z) = o*p(z) - 2*d(z). Give l(12).
18
Let l(u) be the third derivative of u**5/30 - u**4/12 - u**3/6 + 15057*u**2. Let a be 6/4 - (-1)/2. Determine l(a).
3
Suppose 10 = 5*h + c, h + 15 = -4*c - 2. Let j(k) = 7*k - k - 2 - 4*k - h*k. Let f(p) = -6*p**2 - p - 2. Let v be f(-1). What is j(v)?
5
Suppose 4*s + 7*s - 1738 = 0. Let d = 141 - s. Let o(x) = x**3 + 16*x**2 - 16*x + 21. Give o(d).
4
Let l = 107 - 105. Suppose 52 = -4*g + l*n, -6*g + 5*n - 42 = -4*g. Let m(x) = 13*x + 8. Let v(w) = 7*w + 4. Let a(q) = g*v(q) + 6*m(q). Determine a(5).
9
Let u = 293 + -290. Suppose -4*n - 4*y = 40, -n - 4*y + u = 16. Let m(o) = -2*o**2 - 7*o + 12. Let a(q) = q**2 - q - 1. Let g(d) = -a(d) - m(d). Calculate g(n).
-2
Let a(z) = -z - 6. Let s be 3*(1 - 21/(-9)). Let r(o) = -5 + s*o - 1 - 1 - 13. Let u be r(2). Calculate a(u).
-6
Let o(h) = 12*h - 2. Let c(t) = -t**3 - 4*t**2 - 8*t - 28. Let b be c(-4). Calculate o(b).
46
Let r(c) be the first derivative of -c**4/4 - 5*c**3/3 - c**2 + 3*c - 15. Suppose 4*p = -3*b + 161, 3*b - p - 38 = 98. Let l = 42 - b. Give r(l).
13
Let w(m) = 3*m**3 + 6*m**2 - 6*m + 16. Let j(r) = -4*r**3 - 10*r**2 + 10*r - 24. Let c(l) = 5*j(l) + 7*w(l). Give c(5).
-43
Let v(o) = o + 19. Let l be v(15). Suppose 0 = 12*y + l + 38. Let k(c) = c**3 + 7*c**2 + 7*c - 4. Give k(y).
-10
Let l(u) = 37*u**3 + 1. Let o(t) = -7*t + 277. Let v be o(39). Suppose 48 = -v*n + 44. Calculate l(n).
-36
Let r(m) = m**2 + 33*m - 44. Suppose f + 54 = 4*n, -11*f + 7*f + 3*n = 151. Give r(f).
-10
Suppose d = -4*y + 18, 2*y + 2*d = 4*d + 4. Suppose -15 - 6 = -5*a - 4*h, 0 = 2*a + y*h - 18. Let c(l) = -5*l + a - 9*l + 3*l + l. Give c(1).
-9
Let a be (9 - 5)/(-4)*-47. Suppose -52*c = -a*c. Let z be ((0/(-5))/(c + -2))/(-1). Let r(u) = -u**3 + u**2 + 1. Determine r(z).
1
Let l(g) = -24*g + 2. Let n be (-150)/6 + 14 + 12. What is l(n)?
-22
Suppose 0 = -473*p + 157*p - 5056. Let r(i) = -i**3 - 17*i**2 - 14*i + 31. Give r(p).
-1
Let x = 84 - 81. Let m(l) be the second derivative of -l**5/20 + l**4/4 - l**3/2 + 3*l**2/2 - 10*l + 2. What is m(x)?
-6
Let f(t) = -19*t**3 + 14*t**2 - t - 11. Let y(j) = 24*j**3 - 15*j**2 + j + 11. Let k(v) = -5*f(v) - 4*y(v). Suppose 3*m + 10 + 20 = 0. What is k(m)?
1
Let q(w) be the first derivative of w**4/4 + 7*w**3/3 + 7*w**2/2 - 16*w - 2428. Give q(-5).
-1
Let d(i) = i**2 - i - 14. Let u be d(-4). Let z be (10 - 234/27) + (-20)/u. Let n(c) = 4*c**2 + 2*c + 2. What is n(z)?
14
Let g(x) = -x**3 - x**2 + x + 4. Let z(a) = 4*a**3 - 5*a - 34. Let u(p) = 5*g(p) + z(p). Calculate u(-6).
22
Let a(h) = -5*h**3 - 9 + 2*h**2 - 3*h**2 + 2*h**3 + h + 4*h**3. Let m(l) = 5*l**2 - 2*l + 6. Let k be m(-3). Suppose 53*p = k*p. Calculate a(p).
-9
Let g(s) = -3 - 2*s + s + 6 - s**3 - 3*s**2 + 5*s. Let u be 8*(-15)/(-18)*30/(-25). Let w = 4 + u. Give g(w).
3
Let q(g) = -1. Let u(n) = -2*n. Let p(o) = q(o) + u(o). Let f(y) = -8*y. Let s(j) = -f(j) + 3*p(j). What is s(-5)?
-13
Let h(q) = q**2 + q + 1. Let w(v) = v**2 - 4*v - 16. Let f(t) = -2*h(t) - w(t). Let o(n) = n**2 - n - 7. Let z(x) = 2*f(x) + 5*o(x). Give z(0).
-7
Let f(k) = -4*k + 71. Let o be f(16). Let w be (-44)/o + 5 + 132/(-28). Let y(r) = -r**3 - 7*r**2 - 8*r - 16. Determine y(w).
-4
Let c(q) = 2*q + 22 - 13*q - 9. Let n(x) = -5*x + 6. Suppose -2*f - u + 19 - 6 = 0, 0 = -3*u + 3. Let r(t) = f*c(t) - 13*n(t). What is r(-6)?
6
Let t(w) = -w**3 - 3*w**2 + 4*w + 1. Let u(b) = 2*b - 3. Let c be u(7). Let v = -421 - -426. Suppose -v*x = 31 - c. Calculate t(x).
1
Let p(o) = -o**3 + 4*o**2 + 2*o - 6. Suppose -40 - 2 = -r. Let i = r - 38. What is p(i)?
2
Suppose -5*t + 20 = -2*r, -7*r = 3*t - 10*r - 21. Suppose 29 = 5*j - t*a, 2*j + 4*a - 4 + 2 = 0. Let n(z) = -2*z + 2. What is n(j)?
-8
Let t(q) be the first derivative of q**2/2 - 3*q - 1415. Let c(m) = m**3 - m**2 + 2*m + 4. Let k be c(0). What is t(k)?
1
Let q be (-32)/(-4)*(-1)/(-2). Let u(b) = 5*b**3 - q*b**3 - 3*b + b - 2 + 2*b**2. Let n(l) = 1938*l + 36824. Let v be n(-19). What is u(v)?
10
Let r be (-2)/3*(-3)/(-5)*15. Let t(m) = -5*m**3 + m**2 + 7*m + 6. Let s(b) = -b**3 - b**2. Let f(h) = -6*s(h) + t(h). Give f(r).
0
Let d = 15 + -7. Let x(a) = -2*a**2 - 10*a + 10. Let n be x(-5). Suppose -d*i + n*i = 0. Let m(c) = c**3 + c**2 + c - 5. Determine m(i).
-5
Let t(y) = 12*y + 91. Let k be t(0). Let w(d) = d**2 - k*d - 11 + 85*d - 10. What is w(8)?
-5
Suppose -s = -4*m - 3, 69*m + 3 = s + 68*m. Let d(t) be the first derivative of 6*t - 7 - 3*t**2 - 1/3*t**s. What is d(-6)?
6
Let t(b) be the first derivative of -b**5/5 - b**4/6 + b**2/2 + 26*b + 236. Let q(o) be the first derivative of t(o). Determine q(1).
-5
Let a(j) = 2*j - 31*j**2 + 43*j**2 + 2*j**3 + 1 - 2*j. Let x be a(-6). Let l be ((-10)/x - -3) + 4. Let r(t) = t**2 + 3*t - 2. Determine r(l).
-2
Let n(x) be the second derivative of -5*x**4/6 - x**3/6 + x**2/2 - 8*x + 454. Give n(0).
1
Let r(s) = -s**2. Suppose 0 = 2*c - 35 - 43. Let i = 62 + -23. Let j = i - c. Determine r(j).
0
Let t(y) = -19*y**2 - 119*y - 39. Let b(n) = 7*n**2 + 40*n + 13. Let u(g) = 17*b(g) + 6*t(g). Let h be u(7). Let m(k) = k**2 + 6*k + 10 - k - 2. Determine m(h).
14
Let y(x) = -27*x - x - 1 - 20 - x**2 - 4. Determine y(-27).
2
Let q be 2/(-9) + 2080/(-1170). Let m(h) = -4*h**3 - h**2 - 6*h - 4. What is m(q)?
36
Suppose a + 2*i = -18, -3*a + 0*i = 3*i + 30. Let f(l) = -l**2 - 3*l + 2. What is f(a)?
4
Let l(f) = 1716*f - 3291*f - 19 + 1574*f. What is l(-26)?
7
Let z(u) = u**3 + 7*u**2 + u + 1. Suppose 7*w - 147 = -35. Suppose -12*a + 28 = -w*a. Determine z(a).
-6
Let q be (2 + (0 - -4))*(-1)/2. Let i be ((-20)/(-15))/((1/q)/1). Let d be 2 + ((-24)/2)/i. Let s(b) = 2*b - 5. What is s(d)?
5
Let t(x) be the third derivative of -7*x**4/24 + 11*x**3/6 - 469*x**2 + 4*x - 1. Determine t(2).
-3
Let f = 471 - 462. Let b(w) = -f*w**3 - 5*w**3 + 0*w**2 + 22*w**3 + 6 + 8*w**2 - 7*w**3. Determine b(-8).
6
Let p be (4/8)/(5/240). Let v(q) = q**2 - 21*q - 73. Let k be v(p). Let c(u) = -2*u - 3 + 2 + 0. What is c(k)?
1
Let d(s) be the second derivative of -s**2/2 + 3*s + 25. Let b(z) = -2*z + 3*z - z - 2 - z. Let l(o) = 2*b(o) - 5*d(o). Determine l(-3).
7
Let z be 88/22 + (-12)/(-5)*10. Let q(g) = g**3 - 29*g**2 + 30*g - 42. Give q(z).
14
Let h(u) = -u**3 - 9 + 51 - 72 - 55*u + 12 - 29*u**2. Determine h(-27).
9
Let x(d) be the second derivative of d**8/6720 - d**7/1260 - d**6/144 + d**5/60 - 16*d**4/3 + 70*d. Let o(t) be the third derivative of x(t). What is o(3)?
-4
Let y(i) = 2*i**2 - 18*i + 1183 - 1185 + 7*i + 10*i. Suppose -10 + 0 = -2*l + 4*v, 4*l = -2*v - 10. Give y(l).
1
Let w(i) = 2*i - 4*i + 300509 - 300451. Calculate w(24).
10
Let j(w) be the first derivativ